{"id":30,"date":"2021-08-30T22:47:16","date_gmt":"2021-08-31T01:47:16","guid":{"rendered":"https:\/\/cbhagora.meioambiente.go.gov.br\/?page_id=30"},"modified":"2026-01-15T14:07:45","modified_gmt":"2026-01-15T17:07:45","slug":"reunioes","status":"publish","type":"page","link":"https:\/\/cbhagora.meioambiente.go.gov.br\/?page_id=30","title":{"rendered":"Editais\/Convoca\u00e7\u00f5es"},"content":{"rendered":"\n<p class=\"has-medium-font-size\">Abaixo voc\u00ea poder\u00e1 conferir os editais e convoca\u00e7\u00f5es criados pelo CBH Agora. As convoca\u00e7\u00f5es s\u00e3o separadas entre ordin\u00e1rias e extraordin\u00e1rias e cada uma delas j\u00e1 vem com as informa\u00e7\u00f5es sobre a pauta a ser debatida na reuni\u00e3o, bem como o link da videochamada em reuni\u00f5es online. A Secretaria Executiva de cada CBH fica a cargo desses tr\u00e2mites. Todas as demandas solicitadas tamb\u00e9m via edital ser\u00e3o designadas nesta p\u00e1gina.<\/p>\n\n\n\n<div class=\"wp-block-atomic-blocks-ab-accordion ab-block-accordion\"><details><summary class=\"ab-accordion-title\">Editais<\/summary><div class=\"ab-accordion-text\">\n<p><a href=\"https:\/\/cbhagora.meioambiente.go.gov.br\/wp-content\/uploads\/2022\/06\/Edital_04_2022_Divulgacao_dos_Eleitos_Convocacao_Reuniao_de_Posse-1.pdf\" data-type=\"URL\" data-id=\"https:\/\/cbhagora.meioambiente.go.gov.br\/wp-content\/uploads\/2022\/06\/Edital_04_2022_Divulgacao_dos_Eleitos_Convocacao_Reuniao_de_Posse-1.pdf\" target=\"_blank\" rel=\"noreferrer noopener\">Edital 04 &#8211; DIVULGA\u00c7\u00c3O DOS ELEITOS NAS PLEN\u00c1RIAS SETORIAIS NO PROCESSO ELEITORAL DOS MEMBROS DO CBH AGORA<\/a><\/p>\n\n\n\n<p><a rel=\"noreferrer noopener\" href=\"https:\/\/cbhagora.meioambiente.go.gov.br\/wp-content\/uploads\/2022\/05\/Edital-03_2022-Resultado-Definitivo-Inscric\u0327o\u0303es-e-convocac\u0327a\u0303o-plena\u0301rias-atu_.pdf\" data-type=\"URL\" data-id=\"https:\/\/cbhagora.meioambiente.go.gov.br\/wp-content\/uploads\/2022\/05\/Edital-03_2022-Resultado-Definitivo-Inscric\u0327o\u0303es-e-convocac\u0327a\u0303o-plena\u0301rias-atu_.pdf\" target=\"_blank\">Edital 03 &#8211; DIVULGA\u00c7\u00c3O FINAL DAS INSCRI\u00c7\u00d5ES HABILITADAS E INABILITADAS E PLEN\u00c1RIAS SETORIAIS DO PROCESSO ELEITORAL<\/a><\/p>\n\n\n\n<p><a rel=\"noreferrer noopener\" href=\"https:\/\/cbhagora.meioambiente.go.gov.br\/wp-content\/uploads\/2022\/05\/Edital-02_2022-Eleicao-CBH-AGORA.pdf\" data-type=\"URL\" data-id=\"https:\/\/cbhagora.meioambiente.go.gov.br\/wp-content\/uploads\/2022\/05\/Edital-02_2022-Eleicao-CBH-AGORA.pdf\" target=\"_blank\"><\/a><a rel=\"noreferrer noopener\" href=\"https:\/\/cbhagora.meioambiente.go.gov.br\/wp-content\/uploads\/2022\/05\/Edital-02_2022-Eleicao-CBH-AGORA.pdf\" data-type=\"URL\" data-id=\"https:\/\/cbhagora.meioambiente.go.gov.br\/wp-content\/uploads\/2022\/05\/Edital-02_2022-Eleicao-CBH-AGORA.pdf\" target=\"_blank\">Edital 02 &#8211; DIVULGA\u00c7\u00c3O PRELIMINAR DAS INSCRI\u00c7\u00d5ES HABILITADAS- Processo eleitoral CBH AGORA<\/a><\/p>\n\n\n\n<p><a rel=\"noreferrer noopener\" href=\"https:\/\/cbhagora.meioambiente.go.gov.br\/wp-content\/uploads\/2022\/05\/CBH-AGORA-Processo-Eleitoral-Edital-I.pdf\" data-type=\"URL\" data-id=\"https:\/\/cbhagora.meioambiente.go.gov.br\/wp-content\/uploads\/2022\/05\/CBH-AGORA-Processo-Eleitoral-Edital-I.pdf\" target=\"_blank\"><\/a><a rel=\"noreferrer noopener\" href=\"https:\/\/cbhagora.meioambiente.go.gov.br\/wp-content\/uploads\/2022\/05\/CBH-AGORA-Processo-Eleitoral-Edital-I.pdf\" data-type=\"URL\" data-id=\"https:\/\/cbhagora.meioambiente.go.gov.br\/wp-content\/uploads\/2022\/05\/CBH-AGORA-Processo-Eleitoral-Edital-I.pdf\" target=\"_blank\">Edital 01 &#8211; EDITAL DO PROCESSO ELEITORAL PARA INSTALA\u00c7\u00c3O DO CBH AGORA<\/a><\/p>\n<\/div><\/details><\/div>\n\n\n\n<div class=\"wp-block-atomic-blocks-ab-accordion ab-block-accordion\"><details><summary class=\"ab-accordion-title\">Convoca\u00e7\u00e3o Solenidade de Posse<\/summary><div class=\"ab-accordion-text\">\n<p><a href=\"https:\/\/cbhagora.meioambiente.go.gov.br\/wp-content\/uploads\/2022\/06\/Convocacao-Reuniao-de-Posse-CBH-AGORA-1.pdf\" data-type=\"URL\" data-id=\"https:\/\/cbhagora.meioambiente.go.gov.br\/wp-content\/uploads\/2022\/06\/Convocacao-Reuniao-de-Posse-CBH-AGORA-1.pdf\" target=\"_blank\" rel=\"noreferrer noopener\">Convoca\u00e7\u00e3o Reuni\u00e3o de Posse CBH AGORA<\/a><\/p>\n<\/div><\/details><\/div>\n\n\n\n<div class=\"wp-block-atomic-blocks-ab-accordion ab-block-accordion\"><details><summary class=\"ab-accordion-title\">Convoca\u00e7\u00f5es Ordin\u00e1rias<\/summary><div class=\"ab-accordion-text\">\n<div class=\"wp-block-atomic-blocks-ab-accordion ab-block-accordion\"><details><summary class=\"ab-accordion-title\">2025<\/summary><div class=\"ab-accordion-text\">\n<p><a href=\"https:\/\/cbhagora.meioambiente.go.gov.br\/wp-content\/uploads\/2026\/01\/Convocacao-para-7a-Reuniao-Ordinaria-do-CBH-AGORA.pdf\" data-type=\"link\" data-id=\"https:\/\/cbhagora.meioambiente.go.gov.br\/wp-content\/uploads\/2026\/01\/Convocacao-para-7a-Reuniao-Ordinaria-do-CBH-AGORA.pdf\">Convoca\u00e7\u00e3o 7\u00aa Reuni\u00e3o Ordin\u00e1ria &#8211; Outubro &#8211; 2025<\/a><\/p>\n\n\n\n<p><a href=\"https:\/\/cbhagora.meioambiente.go.gov.br\/wp-content\/uploads\/2025\/02\/Convocacao-para-6a-Reuniao-Ordinaria-do-CBH-AGORA.pdf\" data-type=\"link\" data-id=\"https:\/\/cbhagora.meioambiente.go.gov.br\/wp-content\/uploads\/2025\/02\/Convocacao-para-6a-Reuniao-Ordinaria-do-CBH-AGORA.pdf\">Convoca\u00e7\u00e3o 6\u00aa Reuni\u00e3o Ordin\u00e1ria &#8211; Janeiro &#8211; 2025<\/a><\/p>\n<\/div><\/details><\/div>\n\n\n\n<div class=\"wp-block-atomic-blocks-ab-accordion ab-block-accordion\"><details><summary class=\"ab-accordion-title\">2024<\/summary><div class=\"ab-accordion-text\">\n<p><a href=\"https:\/\/cbhagora.meioambiente.go.gov.br\/wp-content\/uploads\/2024\/02\/Convocacao-para-5a-Reuniao-Ordinaria-do-CBH-AGORA.pdf\" data-type=\"link\" data-id=\"https:\/\/cbhagora.meioambiente.go.gov.br\/wp-content\/uploads\/2024\/02\/Convocacao-para-5a-Reuniao-Ordinaria-do-CBH-AGORA.pdf\">Convoca\u00e7\u00e3o 5\u00aa Reuni\u00e3o Ordin\u00e1ria<\/a><\/p>\n<\/div><\/details><\/div>\n\n\n\n<div class=\"wp-block-atomic-blocks-ab-accordion ab-block-accordion\"><details><summary class=\"ab-accordion-title\">2023<\/summary><div class=\"ab-accordion-text\">\n<p><a href=\"https:\/\/cbhagora.meioambiente.go.gov.br\/wp-content\/uploads\/2024\/01\/Convocacao-para-4a-Reuniao-Ordinaria-do-CBH-AGORA-1.pdf\" data-type=\"link\" data-id=\"https:\/\/cbhagora.meioambiente.go.gov.br\/wp-content\/uploads\/2024\/01\/Convocacao-para-4a-Reuniao-Ordinaria-do-CBH-AGORA-1.pdf\">Convoca\u00e7\u00e3o 4\u00aa Reuni\u00e3o Ordin\u00e1ria<\/a><\/p>\n\n\n\n<p><a href=\"https:\/\/cbhagora.meioambiente.go.gov.br\/wp-content\/uploads\/2023\/03\/Convocacao-para-3a-Reuniao-Ordinaria-do-CBH-AGORA.pdf\" data-type=\"URL\" data-id=\"https:\/\/cbhagora.meioambiente.go.gov.br\/wp-content\/uploads\/2023\/03\/Convocacao-para-3a-Reuniao-Ordinaria-do-CBH-AGORA.pdf\" target=\"_blank\" rel=\"noreferrer noopener\">Convoca\u00e7\u00e3o 3\u00aa Reuni\u00e3o Ordin\u00e1ria<\/a><\/p>\n<\/div><\/details><\/div>\n\n\n\n<div class=\"wp-block-atomic-blocks-ab-accordion ab-block-accordion\"><details><summary class=\"ab-accordion-title\">2022<\/summary><div class=\"ab-accordion-text\">\n<p><a rel=\"noreferrer noopener\" href=\"https:\/\/cbhagora.meioambiente.go.gov.br\/wp-content\/uploads\/2022\/11\/Convocacao-2a-Reuniao-Ordinario-CBH-AGORA-Assinado-.pdf\" data-type=\"URL\" data-id=\"https:\/\/cbhagora.meioambiente.go.gov.br\/wp-content\/uploads\/2022\/11\/Convocacao-2a-Reuniao-Ordinario-CBH-AGORA-Assinado-.pdf\" target=\"_blank\">Convoca\u00e7\u00e3o &#8211; 2\u00aa Reuni\u00e3o Ordin\u00e1ria<\/a><\/p>\n\n\n\n<p><a href=\"https:\/\/cbhagora.meioambiente.go.gov.br\/wp-content\/uploads\/2022\/10\/Convocacao-Posse-e-1a-Reuniao-Ordinaria-CBH-AGORA.pdf\" data-type=\"URL\" data-id=\"https:\/\/cbhagora.meioambiente.go.gov.br\/wp-content\/uploads\/2022\/10\/Convocacao-Posse-e-1a-Reuniao-Ordinaria-CBH-AGORA.pdf\" target=\"_blank\" rel=\"noreferrer noopener\">Convoca\u00e7\u00e3o &#8211; 1\u00aa Reuni\u00e3o Ordin\u00e1ria<\/a><\/p>\n<\/div><\/details><\/div>\n<\/div><\/details><\/div>\n\n\n\n<div class=\"wp-block-atomic-blocks-ab-accordion ab-block-accordion\"><details><summary class=\"ab-accordion-title\">Convoca\u00e7\u00f5es Extraordin\u00e1rias<\/summary><div class=\"ab-accordion-text\">\n<div class=\"wp-block-atomic-blocks-ab-accordion ab-block-accordion\"><details><summary class=\"ab-accordion-title\">2025<\/summary><div class=\"ab-accordion-text\">\n<p><a href=\"https:\/\/cbhagora.meioambiente.go.gov.br\/wp-content\/uploads\/2025\/09\/Convocacao-para-5a-Reuniao-Extraordinaria-do-CBH-AGORA.pdf\" data-type=\"link\" data-id=\"https:\/\/cbhagora.meioambiente.go.gov.br\/wp-content\/uploads\/2025\/09\/Convocacao-para-5a-Reuniao-Extraordinaria-do-CBH-AGORA.pdf\">Convoca\u00e7\u00e3o 5\u00aa Reuni\u00e3o Extraordin\u00e1ria<\/a><\/p>\n\n\n\n<p><\/p>\n<\/div><\/details><\/div>\n\n\n\n<div class=\"wp-block-atomic-blocks-ab-accordion ab-block-accordion\"><details><summary class=\"ab-accordion-title\">2024<\/summary><div class=\"ab-accordion-text\">\n<p><a href=\"https:\/\/cbhagora.meioambiente.go.gov.br\/wp-content\/uploads\/2024\/09\/Convocacao-para-4a-Reuniao-Extraordinaria-do-CBH-AGORA.pdf\" data-type=\"link\" data-id=\"https:\/\/cbhagora.meioambiente.go.gov.br\/wp-content\/uploads\/2024\/09\/Convocacao-para-4a-Reuniao-Extraordinaria-do-CBH-AGORA.pdf\" target=\"_blank\" rel=\"noreferrer noopener\">Convoca\u00e7\u00e3o 4\u00aa Reuni\u00e3o Extraordin\u00e1ria<\/a><\/p>\n\n\n\n<p><a href=\"https:\/\/cbhagora.meioambiente.go.gov.br\/wp-content\/uploads\/2024\/06\/Convocacao-para-3a-Reuniao-Extraordinaria-do-CBH-AGORA.pdf\" data-type=\"link\" data-id=\"https:\/\/cbhagora.meioambiente.go.gov.br\/wp-content\/uploads\/2024\/06\/Convocacao-para-3a-Reuniao-Extraordinaria-do-CBH-AGORA.pdf\" target=\"_blank\" rel=\"noreferrer noopener\">Convoca\u00e7\u00e3o 3\u00aa Reuni\u00e3o Extraordin\u00e1ria<\/a><\/p>\n\n\n\n<p><\/p>\n<\/div><\/details><\/div>\n\n\n\n<div class=\"wp-block-atomic-blocks-ab-accordion ab-block-accordion\"><details><summary class=\"ab-accordion-title\">2023<\/summary><div class=\"ab-accordion-text\">\n<p><a href=\"https:\/\/cbhagora.meioambiente.go.gov.br\/wp-content\/uploads\/2023\/06\/Convocacao-2a-Reuniao-Extraordinaria-CBH-AGORA.pdf\" data-type=\"URL\" data-id=\"https:\/\/cbhagora.meioambiente.go.gov.br\/wp-content\/uploads\/2023\/06\/Convocacao-2a-Reuniao-Extraordinaria-CBH-AGORA.pdf\" target=\"_blank\" rel=\"noreferrer noopener\">Convoca\u00e7\u00e3o &#8211; 2\u00aa Reuni\u00e3o Extraordin\u00e1ria<\/a><\/p>\n\n\n\n<p><a href=\"https:\/\/cbhagora.meioambiente.go.gov.br\/wp-content\/uploads\/2023\/01\/Convocac%CC%A7a%CC%83o-1a-Reunia%CC%83o-Extraordina%CC%81rio-CBH-AGORA.pdf\" data-type=\"URL\" data-id=\"https:\/\/cbhagora.meioambiente.go.gov.br\/wp-content\/uploads\/2023\/01\/Convocac%CC%A7a%CC%83o-1a-Reunia%CC%83o-Extraordina%CC%81rio-CBH-AGORA.pdf\" target=\"_blank\" rel=\"noreferrer noopener\">Convoca\u00e7\u00e3o &#8211; 1\u00aa Reuni\u00e3o Extraordin\u00e1ria<\/a><\/p>\n\n\n\n<p><\/p>\n<\/div><\/details><\/div>\n<\/div><\/details><\/div>\n\n\n\n<div class=\"wp-block-atomic-blocks-ab-accordion ab-block-accordion\"><details><summary class=\"ab-accordion-title\">Convoca\u00e7\u00f5es Reuni\u00e3o Conjunta<\/summary><div class=\"ab-accordion-text\">\n<p><a href=\"https:\/\/cbhagora.meioambiente.go.gov.br\/wp-content\/uploads\/2024\/06\/1a-Reuniao-Conjunta-dos-CBHs-Goianos.pdf\" data-type=\"link\" data-id=\"https:\/\/cbhagora.meioambiente.go.gov.br\/wp-content\/uploads\/2024\/06\/1a-Reuniao-Conjunta-dos-CBHs-Goianos.pdf\" target=\"_blank\" rel=\"noreferrer noopener\">1\u00aa Reuni\u00e3o Extraordin\u00e1ria Conjunta dos CBHs Goianos<\/a><\/p>\n<\/div><\/details><\/div>\n","protected":false},"excerpt":{"rendered":"<p>Abaixo voc\u00ea poder\u00e1 conferir os editais e convoca\u00e7\u00f5es criados pelo CBH Agora. As convoca\u00e7\u00f5es s\u00e3o separadas entre ordin\u00e1rias e extraordin\u00e1rias e cada uma delas j\u00e1 vem com as informa\u00e7\u00f5es sobre a pauta a ser debatida na reuni\u00e3o, bem como o link da videochamada em reuni\u00f5es online. A Secretaria Executiva de cada CBH fica a cargo [&hellip;]<\/p>\n","protected":false},"author":2,"featured_media":0,"parent":0,"menu_order":0,"comment_status":"closed","ping_status":"closed","template":"general-template.php","meta":{"footnotes":""},"class_list":["post-30","page","type-page","status-publish","hentry"],"featured_image_src":null,"featured_image_src_square":null,"jetpack_sharing_enabled":true,"_links":{"self":[{"href":"https:\/\/cbhagora.meioambiente.go.gov.br\/index.php?rest_route=\/wp\/v2\/pages\/30","targetHints":{"allow":["GET"]}}],"collection":[{"href":"https:\/\/cbhagora.meioambiente.go.gov.br\/index.php?rest_route=\/wp\/v2\/pages"}],"about":[{"href":"https:\/\/cbhagora.meioambiente.go.gov.br\/index.php?rest_route=\/wp\/v2\/types\/page"}],"author":[{"embeddable":true,"href":"https:\/\/cbhagora.meioambiente.go.gov.br\/index.php?rest_route=\/wp\/v2\/users\/2"}],"replies":[{"embeddable":true,"href":"https:\/\/cbhagora.meioambiente.go.gov.br\/index.php?rest_route=%2Fwp%2Fv2%2Fcomments&post=30"}],"version-history":[{"count":36,"href":"https:\/\/cbhagora.meioambiente.go.gov.br\/index.php?rest_route=\/wp\/v2\/pages\/30\/revisions"}],"predecessor-version":[{"id":1707,"href":"https:\/\/cbhagora.meioambiente.go.gov.br\/index.php?rest_route=\/wp\/v2\/pages\/30\/revisions\/1707"}],"wp:attachment":[{"href":"https:\/\/cbhagora.meioambiente.go.gov.br\/index.php?rest_route=%2Fwp%2Fv2%2Fmedia&parent=30"}],"curies":[{"name":"wp","href":"https:\/\/api.w.org\/{rel}","templated":true}]}}