{"id":20,"date":"2021-08-30T22:45:37","date_gmt":"2021-08-31T01:45:37","guid":{"rendered":"https:\/\/cbhagora.meioambiente.go.gov.br\/?page_id=20"},"modified":"2022-06-22T10:41:14","modified_gmt":"2022-06-22T13:41:14","slug":"sobre-o-cbh-rio-meia-ponte","status":"publish","type":"page","link":"https:\/\/cbhagora.meioambiente.go.gov.br\/?page_id=20","title":{"rendered":"Sobre o CBH Agora"},"content":{"rendered":"\n<h2 class=\"has-text-align-left wp-block-heading\">COMIT\u00ca DA BACIA HIDROGR\u00c1FICA DO RIO ARAGUAIA \u2013 CBH AGORA<\/h2>\n\n\n\n<p>       <\/p>\n\n\n\n<p class=\"has-text-align-left\">           Diante da demanda de v\u00e1rios setores usu\u00e1rios pela instala\u00e7\u00e3o dos Comit\u00eas de Bacias Hidrogr\u00e1ficas Estaduais nos afluentes goianos do rio Araguaia, apresenta-se abaixo algumas considera\u00e7\u00f5es sobre a situa\u00e7\u00e3o das tr\u00eas sub-bacias do Araguaia, sobre os est\u00e1gios de funcionamento dos respectivos Comit\u00eas, bem como faz-se uma proposta de atua\u00e7\u00e3o na regi\u00e3o, visando fortalecer e buscar a sustentabilidade do Sistema de Gerenciamneto de Recursos H\u00eddricos da regi\u00e3o.<\/p>\n\n\n\n<p class=\"has-text-align-center\">Situa\u00e7\u00e3o dos Comit\u00eas de Bacias Hidrogr\u00e1ficas Afluentes do Rio Araguaia \/ GO<\/p>\n\n\n<div class=\"wptb-container-legacy\" data-table-id=\"1025\">\n    <table class=\"wptb-preview-table wptb-element-main-table_setting-1025\" data-reconstraction=\"1\" style=\"border: 1px solid rgb(209, 209, 209);\" data-wptb-table-tds-sum-max-width=\"664\" data-wptb-cells-width-auto-count=\"2\" data-wptb-extra-styles=\"LyogRW50ZXIgeW91ciBjdXN0b20gQ1NTIHJ1bGVzIGhlcmUgKi8=\" role=\"table\" data-wptb-header-background-color=\"#00873CFF\" data-table-columns=\"4\"><tbody><tr class=\"wptb-row\" style=\"background-color: rgb(0, 135, 60);\"><td class=\"wptb-cell\" data-y-index=\"0\" data-x-index=\"0\" style=\"border: 1px solid rgb(209, 209, 209); width: 172px;\"><div class=\"wptb-text-container wptb-ph-element wptb-element-text-1\" style=\"color: rgb(255, 255, 255); font-size: 15px;\"><div class=\"\" style=\"position: relative;\"><p style=\"text-align: center;\">Comit\u00ea<\/p><\/div><\/div><\/td><td class=\"wptb-cell\" data-y-index=\"0\" data-x-index=\"1\" style=\"border: 1px solid rgb(209, 209, 209); width: 167px;\"><div class=\"wptb-text-container wptb-ph-element wptb-element-text-2\" style=\"color: rgb(255, 255, 255); font-size: 15px;\"><div class=\"\" style=\"position: relative;\"><p style=\"text-align: center;\">Caracteriza\u00e7\u00e3o<\/p><\/div><\/div><\/td><td class=\"wptb-cell\" data-y-index=\"0\" data-x-index=\"2\" style=\"border: 1px solid rgb(209, 209, 209);\" data-wptb-css-td-auto-width=\"true\"><div class=\"wptb-text-container wptb-ph-element wptb-element-text-3\" style=\"color: rgb(255, 255, 255); font-size: 15px;\"><div class=\"\" style=\"position: relative;\"><p style=\"text-align: center;\">Situa\u00e7\u00e3o<\/p><\/div><\/div><\/td><td class=\"wptb-cell\" data-y-index=\"0\" data-x-index=\"3\" style=\"border: 1px solid rgb(209, 209, 209);\" data-wptb-css-td-auto-width=\"true\"><div class=\"wptb-text-container wptb-ph-element wptb-element-text-4\" style=\"color: rgb(255, 255, 255); font-size: 15px;\"><div class=\"\" style=\"position: relative;\"><p style=\"text-align: center;\">Provid\u00eancias<\/p><\/div><\/div><\/td><\/tr><tr class=\"wptb-row\"><td class=\"wptb-cell\" data-y-index=\"1\" data-x-index=\"0\" style=\"border: 1px solid rgb(209, 209, 209); width: 172px;\"><div class=\"wptb-text-container wptb-ph-element wptb-element-text-5\" style=\"color: rgb(74, 85, 104); font-size: 15px;\"><div class=\"\" style=\"position: relative;\"><p>Rio Vermelho<\/p><\/div><\/div><\/td><td class=\"wptb-cell\" data-y-index=\"1\" data-x-index=\"1\" style=\"border: 1px solid rgb(209, 209, 209); width: 130px;\"><div class=\"wptb-text-container wptb-ph-element wptb-element-text-6\" style=\"color: rgb(74, 85, 104); font-size: 15px;\"><div class=\"\" style=\"position: relative;\"><p>11 munic\u00edpios<br>3,18% do Estado<br>90.000 habitantes<\/p><\/div><\/div><\/td><td class=\"wptb-cell\" data-y-index=\"1\" data-x-index=\"2\" style=\"border: 1px solid rgb(209, 209, 209);\" data-wptb-css-td-auto-width=\"true\"><div class=\"wptb-text-container wptb-ph-element wptb-element-text-7\" style=\"color: rgb(74, 85, 104); font-size: 15px;\"><div class=\"\" style=\"position: relative;\"><p>Criado pela Resolu\u00e7\u00e3o do CERH n. 15\/2011 e pelo Decreto Estadual n\u00ba 7.337. Foi Instalado em 2012.<\/p><p><br><strong>Apresenta problemas de&nbsp;<\/strong><strong>funcionamento e participa\u00e7\u00e3o&nbsp;<\/strong><strong>da sociedade, munic\u00edpios e&nbsp;<\/strong><strong>setores usu\u00e1rios. N\u00e3o est\u00e1&nbsp;<\/strong><strong>operacional.<\/strong><\/p><\/div><\/div><\/td><td class=\"wptb-cell\" data-y-index=\"1\" data-x-index=\"3\" style=\"border: 1px solid rgb(209, 209, 209);\" data-wptb-css-td-auto-width=\"true\"><div class=\"wptb-text-container wptb-ph-element wptb-element-text-8\" style=\"color: rgb(74, 85, 104); font-size: 15px;\"><div class=\"\" style=\"position: relative;\"><p>Mobiliza\u00e7\u00e3o para elei\u00e7\u00e3o do Plen\u00e1rio.<\/p><\/div><\/div><\/td><\/tr><tr class=\"wptb-row\"><td class=\"wptb-cell\" data-y-index=\"2\" data-x-index=\"0\" style=\"border: 1px solid rgb(209, 209, 209); width: 172px;\"><div class=\"wptb-text-container wptb-ph-element wptb-element-text-9\" style=\"color: rgb(74, 85, 104); font-size: 15px;\"><div class=\"\" style=\"position: relative;\"><p>Afluentes Goianos do Alto Araguaia<\/p><\/div><\/div><\/td><td class=\"wptb-cell\" data-y-index=\"2\" data-x-index=\"1\" style=\"border: 1px solid rgb(209, 209, 209); width: 130px;\"><div class=\"wptb-text-container wptb-ph-element wptb-element-text-10\" style=\"color: rgb(74, 85, 104); font-size: 15px;\"><div class=\"\" style=\"position: relative;\"><p>37 munic\u00edpios<br>11,83% do Estado<br>349.411 habitantes<\/p><\/div><\/div><\/td><td class=\"wptb-cell\" data-y-index=\"2\" data-x-index=\"2\" style=\"border: 1px solid rgb(209, 209, 209);\" data-wptb-css-td-auto-width=\"true\"><div class=\"wptb-text-container wptb-ph-element wptb-element-text-11\" style=\"color: rgb(74, 85, 104); font-size: 15px;\"><div class=\"\" style=\"position: relative;\"><p>Criado pela Resolu\u00e7\u00e3o CERH n. 28\/2013 e pelo Decreto Estadual n\u00ba 7957\/2013.<\/p><p><br><strong>N\u00e3o foi instalado.<\/strong><\/p><p><\/p><p><\/p><\/div><\/div><\/td><td class=\"wptb-cell\" data-y-index=\"2\" data-x-index=\"3\" style=\"border: 1px solid rgb(209, 209, 209);\" data-wptb-css-td-auto-width=\"true\"><div class=\"wptb-text-container wptb-ph-element wptb-element-text-12\" style=\"color: rgb(74, 85, 104); font-size: 15px;\"><div class=\"\" style=\"position: relative;\"><p>Mobiliza\u00e7\u00e3o para instala\u00e7\u00e3o e elei\u00e7\u00e3o do Plen\u00e1rio.<\/p><\/div><\/div><\/td><\/tr><tr class=\"wptb-row\"><td class=\"wptb-cell\" data-y-index=\"3\" data-x-index=\"0\" style=\"border: 1px solid rgb(209, 209, 209); width: 172px;\"><div class=\"wptb-text-container wptb-ph-element wptb-element-text-13\" style=\"color: rgb(74, 85, 104); font-size: 15px;\"><div class=\"\" style=\"position: relative;\"><p>Afluentes Goianos do M\u00e9dio Araguaia<\/p><\/div><\/div><\/td><td class=\"wptb-cell\" data-y-index=\"3\" data-x-index=\"1\" style=\"border: 1px solid rgb(209, 209, 209); width: 130px;\"><div class=\"wptb-text-container wptb-ph-element wptb-element-text-14\" style=\"color: rgb(74, 85, 104); font-size: 15px;\"><div class=\"\" style=\"position: relative;\"><p>25 munic\u00edpios<br>9,93% do Estado<br>385.084 habitantes <\/p><\/div><\/div><\/td><td class=\"wptb-cell\" data-y-index=\"3\" data-x-index=\"2\" style=\"border: 1px solid rgb(209, 209, 209);\" data-wptb-css-td-auto-width=\"true\"><div class=\"wptb-text-container wptb-ph-element wptb-element-text-15 edit-active\" style=\"color: rgb(74, 85, 104); font-size: 15px;\"><div class=\"\" style=\"position: relative;\"><p>Criado pela Resolu\u00e7\u00e3o CERH 37\/2014, por\u00e9m sem Decreto Estadual.<\/p><p><br><strong>N\u00e3o foi instalado.<\/strong><\/p><\/div><\/div><\/td><td class=\"wptb-cell\" data-y-index=\"3\" data-x-index=\"3\" style=\"border: 1px solid rgb(209, 209, 209);\" data-wptb-css-td-auto-width=\"true\"><div class=\"wptb-text-container wptb-ph-element wptb-element-text-16\" style=\"color: rgb(74, 85, 104); font-size: 15px;\"><div class=\"\" style=\"position: relative;\"><p>Publica\u00e7\u00e3o de Decreto e executar mobiliza\u00e7\u00e3o para instala\u00e7\u00e3o e elei\u00e7\u00e3o do Plen\u00e1rio<\/p><\/div><\/div><\/td><\/tr><\/tbody><\/table>\n<\/div>\n\n\n\n\n<p>Diante do observado no quadro acima, constata-se a dificuldade de funcionamento do Comit\u00ea instalado (CBH Vermelho), principalmente no tocante \u00e0 participa\u00e7\u00e3o e representa\u00e7\u00e3o de todos os setores envolvidos, sociedade civil, usu\u00e1rios e poder p\u00fablico, estadual e municipal, com reflexos na proposi\u00e7\u00e3o de diretrizes para a gest\u00e3o, discuss\u00e3o de temas relevantes para a bacia, e articula\u00e7\u00e3o com demais pol\u00edticas p\u00fablicas, o que acarreta alto grau de fragilidade no funcionamento desta estrutura.<\/p>\n\n\n\n<p><br>        Conforme dados econ\u00f4mico-financeiros levantamentos pelos t\u00e9cnicos da GP\/SRH\/SEMAD, verificou-se que o PIB estimado destas regi\u00f5es \u00e9 de: 1,1 bilh\u00e3o de reais no Alto Araguaia; de 280 milh\u00f5es no Rio Vermelho; e de 800 milh\u00f5es no M\u00e9dio Araguaia (dados de 2017). Estes n\u00fameros demonstram a fragilidade da atua\u00e7\u00e3o isolada do Comit\u00ea da Bacia Hidrogr\u00e1fica do Rio Vermelho.<\/p>\n\n\n\n<p><br>        Dessa forma, entende-se que a unifica\u00e7\u00e3o da gest\u00e3o destas bacias em um \u00fanico Comit\u00ea poderia ser  alternativa para o fortalecimento do sistema de gerenciamento das \u00e1guas do Araguaia, com foco na melhoria das condi\u00e7\u00f5es ambientais da regi\u00e3o, assegurando o uso sustent\u00e1vel dos recursos naturais dispon\u00edveis.<\/p>\n\n\n\n<p><br>        Sendo assim, prop\u00f5e-se a unifica\u00e7\u00e3o dos Comit\u00eas de bacias hidrogr\u00e1ficas estaduais afluentes ao rio Araguaia, em um \u00fanico Comit\u00ea, com a denomina\u00e7\u00e3o de Comit\u00ea de Bacia Hidrogr\u00e1fica dos Afluentes Goianos do rio Araguaia, sendo necess\u00e1rio os seguintes procedimentos<\/p>\n\n\n\n<p>                <strong>DECRETO ESTADUAL<\/strong><\/p>\n\n\n\n<p>                &#8211;  Publica\u00e7\u00e3o de Decreto Estadual tratando da revoga\u00e7\u00e3o dos Decretos anteriores, e definindo as provid\u00eancias necess\u00e1rias para a instala\u00e7\u00e3o do Comit\u00ea de Bacia Hidrogr\u00e1fica dos Afluentes Goianos do rio Araguaia.<\/p>\n\n\n\n<p>                <strong>DIRETORIA PROVIS\u00d3RIA<\/strong><\/p>\n\n\n\n<p>                &#8211;  Instala\u00e7\u00e3o da Diretoria Provis\u00f3ria que ser\u00e1 respons\u00e1vel pelo processo de mobiliza\u00e7\u00e3o e instala\u00e7\u00e3o do Comit\u00ea de Bacia Hidrogr\u00e1fica dos Afluentes Goianos do rio Araguaia.<\/p>\n\n\n\n<p>               &#8211;  Elaborar os normativos e documentos necess\u00e1rios ao funcionamento do Comit\u00ea, como regimento interno e demais normas necess\u00e1rias ao processo eleitoral.<\/p>\n\n\n\n<p>               &#8211;  Realizar o processo de mobiliza\u00e7\u00e3o e instala\u00e7\u00e3o do Comit\u00ea.<\/p>\n\n\n\n<p>        Por \u00faltimo, visando preservar a identidade das sub-bacias e das Unidades de Planejamento e Gest\u00e3o, sugere-se a cria\u00e7\u00e3o, no \u00e2mbito da estrutura do Comit\u00ea, de C\u00e2maras T\u00e9cnicas Regionais, espec\u00edficas para cada uma destas unidades, de forma a contemplar discuss\u00f5es de cunho local, garantindo a sua representatividade e efetividade, vez que fica fortalecido o Comit\u00e9 Estadual.<\/p>\n\n\n\n<p>        Ap\u00f3s a ado\u00e7\u00e3o das provid\u00eancias elencadas acima, que culminar\u00e3o na publica\u00e7\u00e3o de Decreto Estadual, prev\u00ea-se que o processo de mobiliza\u00e7\u00e3o para a instala\u00e7\u00e3o do Comit\u00ea possa ser desenvolvido em aproximadamente 6 meses, como j\u00e1 realizado em outras bacias.<\/p>\n","protected":false},"excerpt":{"rendered":"<p>COMIT\u00ca DA BACIA HIDROGR\u00c1FICA DO RIO ARAGUAIA \u2013 CBH AGORA Diante da demanda de v\u00e1rios setores usu\u00e1rios pela instala\u00e7\u00e3o dos Comit\u00eas de Bacias Hidrogr\u00e1ficas Estaduais nos afluentes goianos do rio Araguaia, apresenta-se abaixo algumas considera\u00e7\u00f5es sobre a situa\u00e7\u00e3o das tr\u00eas sub-bacias do Araguaia, sobre os est\u00e1gios de funcionamento dos respectivos Comit\u00eas, bem como faz-se uma [&hellip;]<\/p>\n","protected":false},"author":2,"featured_media":0,"parent":0,"menu_order":0,"comment_status":"closed","ping_status":"closed","template":"general-template.php","meta":{"footnotes":""},"class_list":["post-20","page","type-page","status-publish","hentry"],"featured_image_src":null,"featured_image_src_square":null,"jetpack_sharing_enabled":true,"_links":{"self":[{"href":"https:\/\/cbhagora.meioambiente.go.gov.br\/index.php?rest_route=\/wp\/v2\/pages\/20","targetHints":{"allow":["GET"]}}],"collection":[{"href":"https:\/\/cbhagora.meioambiente.go.gov.br\/index.php?rest_route=\/wp\/v2\/pages"}],"about":[{"href":"https:\/\/cbhagora.meioambiente.go.gov.br\/index.php?rest_route=\/wp\/v2\/types\/page"}],"author":[{"embeddable":true,"href":"https:\/\/cbhagora.meioambiente.go.gov.br\/index.php?rest_route=\/wp\/v2\/users\/2"}],"replies":[{"embeddable":true,"href":"https:\/\/cbhagora.meioambiente.go.gov.br\/index.php?rest_route=%2Fwp%2Fv2%2Fcomments&post=20"}],"version-history":[{"count":24,"href":"https:\/\/cbhagora.meioambiente.go.gov.br\/index.php?rest_route=\/wp\/v2\/pages\/20\/revisions"}],"predecessor-version":[{"id":1211,"href":"https:\/\/cbhagora.meioambiente.go.gov.br\/index.php?rest_route=\/wp\/v2\/pages\/20\/revisions\/1211"}],"wp:attachment":[{"href":"https:\/\/cbhagora.meioambiente.go.gov.br\/index.php?rest_route=%2Fwp%2Fv2%2Fmedia&parent=20"}],"curies":[{"name":"wp","href":"https:\/\/api.w.org\/{rel}","templated":true}]}}